e 3*u + 29 = -2*p, p + w - 19 = 2*u. What is the tens digit of 3*6/u - -16?
1
Let s be (-5)/(-2)*(-312)/(-30). Suppose -3*j + 2*j + 1 = 0, -2*j + s = 4*n. What is the units digit of n?
6
Let s be -3 + (-14)/(4/(-2)). Suppose s*b - 2*b - 38 = 0. What is the tens digit of b?
1
Let o = 294 - 207. What is the tens digit of o?
8
Let q be (-3)/(-1)*(-62)/(-3). Suppose 2*r - q = -3*r - 4*k, -4*r = 3*k - 50. What is the tens digit of r?
1
Suppose o + 4*o - 5 = 0. What is the units digit of -3*(-1 - 0/o)?
3
Suppose 25 = -5*w, -5*p - 2*w - 2 + 7 = 0. Let g = -9 - -10. What is the units digit of g + (-1 - (-6)/p)?
2
Let x = -5 - -3. Let n = -2 - x. Suppose 5*l - 9 = z, -l + 2 + 0 = n. What is the units digit of z?
1
Let f(x) = 33*x**3 - 2*x**2 + x. Let q be f(1). Let n = q + 2. Suppose -3*z - 3*w + 11 = -34, 2*z + 4*w = n. What is the tens digit of z?
1
Let y(j) = j**3 - 4*j**2 + 2*j - 5. Suppose 0 = 3*f - 3*b - 24, 0 = 3*f - 6*f - 3*b. What is the units digit of y(f)?
3
Suppose 55 + 13 = 2*h. What is the tens digit of h?
3
Let s = -17 + 30. Let x = 33 - s. What is the units digit of x?
0
Let r(k) = -4*k - 2. Let v be r(-3). What is the units digit of 6/v - 296/(-40)?
8
Let s(p) = -p**3 + 2*p**2 + 2*p + 3. Let z be s(3). Let r(b) = b**2 + 3. Let u be r(z). What is the tens digit of u + -2 + 1 + 14?
1
Suppose 2*x - 10 = -3*u, -3*x - 4*u = -7*x - 20. Let y be x - -2 - (-5 - -1). Suppose -y*z + 17 + 63 = 0. What is the tens digit of z?
1
Let j be (3/(-6))/(2/8). Let m = j - -5. What is the units digit of (m + 0)/((-3)/(-8))?
8
Suppose 0 = -3*d - 2*d. Suppose -z - z = d. Suppose z = s - 2 - 0, 10 = 2*y - 4*s. What is the units digit of y?
9
Let y = -6 - -3. Let h = 5 + y. Suppose 0 = -k + 5*g + 4, -h*g = k - 6*g - 4. What is the units digit of k?
4
Let o = -15 - -20. Suppose 135 = o*n - 0*n. What is the tens digit of n?
2
Suppose 38*s - 112 = 36*s. What is the units digit of s?
6
Suppose 5 = 4*l + d, -5*d + 0 = 3*l + 9. Suppose -4*y - 4*s = 0, -l*y - y + 5*s = -16. Let n = y - 0. What is the units digit of n?
2
Suppose 10 - 2 = 2*g. What is the units digit of g?
4
Suppose 0 = -2*y + 5*f + 65, f + 61 = 2*y - 0*f. What is the units digit of y?
0
What is the units digit of 6/(-39) - 9368/(-52)?
0
Let l be (-9)/(-6)*14/3. Let b = 2 + l. What is the units digit of b?
9
What is the units digit of 8/10 - (-1542)/10?
5
Let c(h) = -13*h - 7. Suppose -30 = 4*s - 10. What is the units digit of c(s)?
8
Let i(r) be the second derivative of -r**5/20 - r**4/4 + r**3/2 - r**2/2 - 4*r. What is the tens digit of i(-5)?
3
Let i(x) = 5*x**2 - 6*x - 8. What is the units digit of i(-4)?
6
Let s(t) = -t + 10. Let c be s(8). Suppose -2*d - 43 = -5*r, -6*d - 5*r = -c*d + 11. Let u = 0 - d. What is the units digit of u?
9
Let r = 3 + -4. Let j be (-16)/(-1) - (1 + r). What is the units digit of (j/1)/2 - -2?
0
Suppose -3*j - 13 = -4*j - 5*i, 2*j = -2*i + 34. What is the tens digit of j?
1
Let x(d) = d - 3. Let g be x(3). Suppose g*i = 3*i + 12. What is the units digit of (-14)/i*(6 - 4)?
7
Suppose -3*f + s - 75 = -3*s, -3*s = 2*f + 33. Let g = -19 - f. What is the units digit of g?
2
What is the tens digit of (-1)/(-3) - (-1708)/42?
4
Suppose 4*p - 5*p + 34 = 0. Let f = p + -14. What is the units digit of f?
0
Suppose -2*i + 4*i + 63 = s, -2*s = 4*i + 130. Let k = i + 46. What is the tens digit of k?
1
Let u(s) = -9*s**2 + s. Let g be u(1). Let t(p) = -p**2 - 9*p + 8. What is the tens digit of t(g)?
1
Let p(l) = -2*l - 2. Suppose 0 = -5*j + 25, -2*q - 2*j - 16 = -6*j. Suppose 10 = -4*n + 2*i, 6*i = -3*n + 2*i - q. What is the units digit of p(n)?
2
Let n(g) = -2*g + 6. What is the tens digit of n(-3)?
1
Let j be (1 + -1)*(-5 + 4). Let a = 42 - 29. Suppose j*m + a = m. What is the units digit of m?
3
Let w(u) = -5*u - 1. Let q be 10/(-15)*3/2. Let h be w(q). What is the units digit of (-4)/(2 - 10/h)?
8
What is the tens digit of (-20)/35 + 837/7?
1
Suppose 0*k + 4*k + 8 = -5*j, 4*j + k = -2. What is the units digit of (j - 1) + (-8 - -12)?
3
Suppose 0 = -5*a + 3*a + 24. Suppose -2*s - s - a = -5*o, 3*s - 3 = 0. Suppose 0 = 3*p - x - 28, -2*p + o*x + 12 = -x. What is the units digit of p?
0
Suppose -d + 38 = d. What is the tens digit of d?
1
Let k(z) be the first derivative of -3/2*z**2 - 4*z - 4. What is the tens digit of k(-5)?
1
Let c be (-9)/6*4/(-3). Let m be (-3 + c)/((-2)/4). What is the tens digit of (1 - -1)/m*11?
1
Suppose f = 2*f - 20. Suppose 2*a = -g + 15, g + f = 2*a + 3*g. Suppose -a*x + 0*x + 30 = 0. What is the units digit of x?
6
Let l = -544 + 815. What is the hundreds digit of l?
2
Let r be 483/9 - (-3)/9. Let t = r - 36. What is the units digit of t?
8
Let l(o) be the second derivative of o**3/6 - 2*o. Let r be l(1). Let n(q) = 5*q**2 - 1. What is the units digit of n(r)?
4
What is the tens digit of ((-15)/(-20))/((3/(-140))/(-3))?
0
Let y(a) = 4*a + 2. Let f be y(3). Suppose f = h + 3. What is the tens digit of h?
1
Let d = 8 - 7. What is the units digit of d?
1
Let y be -2 - (-8)/(-2 - -6). Suppose y = -5*s + 60. What is the units digit of s?
2
Let i = 2 + 1. Suppose -31 - 31 = -q - 3*n, 0 = -q + i*n + 32. What is the tens digit of q?
4
Suppose -14 - 16 = -5*z. Suppose -2*c = -z*c. Let t = 5 + c. What is the units digit of t?
5
Let h(q) = -2*q**2 + 1. Let i be h(2). Let o = -1 - i. Let v(k) = 3*k - 6. What is the units digit of v(o)?
2
Let v = -3 - 3. What is the tens digit of (-309)/(-9) + 2/v?
3
Let b(r) = -r**3 - 4*r**2 + 4. Let z be -2 + (0 - 4/2). What is the units digit of b(z)?
4
Let k(h) = h**3 + 6*h**2 + h - 5. Suppose -10 = 4*y + 2*u - 5*u, -3*y - 6 = -3*u. What is the tens digit of k(y)?
2
Let q be (-1)/8*-18*-4. Let j = q + 18. What is the units digit of j?
9
Let a = 1 + -1. Suppose a = 3*b - b. Let v = b - -2. What is the units digit of v?
2
Let x(j) = 3*j**2 + 14*j + 5. What is the tens digit of x(-7)?
5
What is the tens digit of 10*((-8 - -4) + 5)?
1
Suppose 8 = -2*u - 2*n, -5*u - 2*n - 18 = -u. Let v = 11 + u. What is the units digit of v?
6
Suppose -2*s - 3 = 5*u - 2*u, 4*s + 1 = -u. Suppose -3*w + 1 + 2 = s. Let n = 14 - w. What is the tens digit of n?
1
Let b = -105 + 124. What is the units digit of b?
9
Let m(j) = -6*j**2 + 5*j**3 + 7 + 5*j + 0 - 4*j**3. Suppose 0 = -5*g + 3*g + 10. What is the units digit of m(g)?
7
Suppose -654 = -9*i + 840. What is the hundreds digit of i?
1
Let q = 8 + -6. Suppose 0 = v + q*v - 18. What is the units digit of v?
6
Suppose -4*j = 12, 5*x = j - 478 + 1231. What is the hundreds digit of x?
1
Let l be (-1)/4 + 8459/44. What is the units digit of ((-5)/4)/((-6)/l)?
0
Suppose 0 = 3*v - 5*v - 2. Let t(d) = -4*d**3 - d. What is the units digit of t(v)?
5
Let k(r) = r - 4. Let l be k(6). What is the units digit of 4 + -1 + 4/l?
5
Suppose 0 = 4*a - 3*y + 12, 2*a = a + 5*y + 14. Let j be 0 + 2 - a/(-3). Suppose j = 7*o - 3*o - 16. What is the units digit of o?
4
Let m = -26 - -18. What is the units digit of (-1)/(-3) + m/(-12)?
1
Let r be 0/((0 - -2) + -1). Suppose r = -w - 4*w + 120. Suppose 5*u - w = 2*u. What is the units digit of u?
8
Let z = -70 - -38. Let n = z - -68. What is the units digit of n?
6
Suppose 6*j - 4*j - 148 = 0. What is the tens digit of j?
7
Let p = 127 - 48. What is the tens digit of p?
7
Let q be (-24)/(-16)*26/3. Suppose -a + 3 = -q. Let u = 23 - a. What is the units digit of u?
7
Let g(i) = -i**2 - 17*i - 9. What is the units digit of g(-16)?
7
Let p be (-16)/10*30/(-4). Let y = -5 + p. What is the units digit of y?
7
Suppose 0 = a - 1 - 2. Suppose -a*p - 5*s + 0*s - 14 = 0, 5*s + 10 = -5*p. What is the units digit of (-2)/2 + p + 9?
0
Let y(t) = -t**3 + 7*t**2 - 7*t + 7. What is the units digit of y(6)?
1
Let o(c) = c + 7. What is the tens digit of o(8)?
1
Suppose 6*k = 11*k - 3*o - 707, -2*k + 3*o + 290 = 0. What is the units digit of k?
9
Suppose d = -4, -4*s + 3*d - 3 = 17. Let a = s + 17. What is the units digit of a?
9
Let q(k) = -10*k**2 - 1 + 0*k**2 + 2*k - 7*k - k**3. Let z be q(-9). Let v = -21 - z. What is the units digit of v?
6
Suppose 4*w + 8 = 2*w. What is the tens digit of 425/34 + 6/w?
1
Suppose 3*f - 3 = 2*f. Suppose 3*c + 3*k + k = 82, 100 = f*c - 5*k. What is the tens digit of c?
3
Suppose 2*o = -7*r + 5*r + 348, 4*r = -o + 174. What is the hundreds digit of o?
1
Wha